{"id":2822,"date":"2022-05-04T18:29:39","date_gmt":"2022-05-04T18:29:39","guid":{"rendered":"http:\/\/www.atvtoursargentina.com.ar\/index.php\/atvta-tours-a-la-carta-copy\/"},"modified":"2025-01-09T12:02:21","modified_gmt":"2025-01-09T12:02:21","slug":"tours-internacionales","status":"publish","type":"page","link":"https:\/\/www.atvtoursargentina.com.ar\/index.php\/tours-internacionales\/","title":{"rendered":"Tours Internacionales"},"content":{"rendered":"\t\t<div data-elementor-type=\"wp-post\" data-elementor-id=\"2822\" class=\"elementor elementor-2822\">\n\t\t\t\t\t\t<div class=\"elementor-inner\">\n\t\t\t\t<div class=\"elementor-section-wrap\">\n\t\t\t\t\t\t\t\t\t<section class=\"elementor-section elementor-top-section elementor-element elementor-element-d443b64 elementor-section-full_width elementor-section-height-default elementor-section-height-default\" data-id=\"d443b64\" data-element_type=\"section\">\n\t\t\t\t\t\t<div class=\"elementor-container elementor-column-gap-default\">\n\t\t\t\t\t\t\t<div class=\"elementor-row\">\n\t\t\t\t\t<div class=\"elementor-column elementor-col-50 elementor-top-column elementor-element elementor-element-24e1a7c\" data-id=\"24e1a7c\" data-element_type=\"column\">\n\t\t\t<div class=\"elementor-column-wrap\">\n\t\t\t\t\t\t\t<div class=\"elementor-widget-wrap\">\n\t\t\t\t\t\t\t\t<\/div>\n\t\t\t\t\t<\/div>\n\t\t<\/div>\n\t\t\t\t<div class=\"elementor-column elementor-col-50 elementor-top-column elementor-element elementor-element-8e771a8\" data-id=\"8e771a8\" data-element_type=\"column\">\n\t\t\t<div class=\"elementor-column-wrap elementor-element-populated\">\n\t\t\t\t\t\t\t<div class=\"elementor-widget-wrap\">\n\t\t\t\t\t\t<div class=\"elementor-element elementor-element-3e15eb6 elementor-widget elementor-widget-shortcode\" data-id=\"3e15eb6\" data-element_type=\"widget\" data-widget_type=\"shortcode.default\">\n\t\t\t\t<div class=\"elementor-widget-container\">\n\t\t\t\t\t<div class=\"elementor-shortcode\"><div class=\"gtranslate_wrapper\" id=\"gt-wrapper-16682867\"><\/div><\/div>\n\t\t\t\t<\/div>\n\t\t\t\t<\/div>\n\t\t\t\t\t\t<\/div>\n\t\t\t\t\t<\/div>\n\t\t<\/div>\n\t\t\t\t\t\t\t\t<\/div>\n\t\t\t\t\t<\/div>\n\t\t<\/section>\n\t\t\t\t<section class=\"elementor-section elementor-top-section elementor-element elementor-element-9e4940d elementor-section-stretched elementor-section-full_width elementor-section-height-default elementor-section-height-default\" data-id=\"9e4940d\" data-element_type=\"section\" data-settings=\"{&quot;background_background&quot;:&quot;classic&quot;,&quot;stretch_section&quot;:&quot;section-stretched&quot;}\">\n\t\t\t\t\t\t\t<div class=\"elementor-background-overlay\"><\/div>\n\t\t\t\t\t\t\t<div class=\"elementor-container elementor-column-gap-no\">\n\t\t\t\t\t\t\t<div class=\"elementor-row\">\n\t\t\t\t\t<div class=\"elementor-column elementor-col-100 elementor-top-column elementor-element elementor-element-7ebb6e1\" data-id=\"7ebb6e1\" data-element_type=\"column\" data-settings=\"{&quot;background_background&quot;:&quot;classic&quot;}\">\n\t\t\t<div class=\"elementor-column-wrap elementor-element-populated\">\n\t\t\t\t\t\t\t<div class=\"elementor-widget-wrap\">\n\t\t\t\t\t\t<section class=\"elementor-section elementor-inner-section elementor-element elementor-element-aca26b8 elementor-section-height-min-height elementor-section-content-middle elementor-section-full_width elementor-section-height-default\" data-id=\"aca26b8\" data-element_type=\"section\" data-settings=\"{&quot;background_background&quot;:&quot;classic&quot;}\">\n\t\t\t\t\t\t\t<div class=\"elementor-background-overlay\"><\/div>\n\t\t\t\t\t\t\t<div class=\"elementor-container elementor-column-gap-default\">\n\t\t\t\t\t\t\t<div class=\"elementor-row\">\n\t\t\t\t\t<div class=\"elementor-column elementor-col-100 elementor-inner-column elementor-element elementor-element-03b7ecf\" data-id=\"03b7ecf\" data-element_type=\"column\" data-settings=\"{&quot;background_background&quot;:&quot;classic&quot;}\">\n\t\t\t<div class=\"elementor-column-wrap elementor-element-populated\">\n\t\t\t\t\t\t\t<div class=\"elementor-widget-wrap\">\n\t\t\t\t\t\t<div class=\"elementor-element elementor-element-bdcf61a elementor-invisible elementor-widget elementor-widget-cimol-title\" data-id=\"bdcf61a\" data-element_type=\"widget\" data-settings=\"{&quot;_animation&quot;:&quot;fadeInDown&quot;}\" data-widget_type=\"cimol-title.default\">\n\t\t\t\t<div class=\"elementor-widget-container\">\n\t\t\t<h2 class=\"content-title\">TOURS INTERNACIONALES<\/h2>\t\t<\/div>\n\t\t\t\t<\/div>\n\t\t\t\t\t\t<\/div>\n\t\t\t\t\t<\/div>\n\t\t<\/div>\n\t\t\t\t\t\t\t\t<\/div>\n\t\t\t\t\t<\/div>\n\t\t<\/section>\n\t\t\t\t<section class=\"elementor-section elementor-inner-section elementor-element elementor-element-ff4401d elementor-section-content-top elementor-section-boxed elementor-section-height-default elementor-section-height-default\" data-id=\"ff4401d\" data-element_type=\"section\" data-settings=\"{&quot;background_background&quot;:&quot;classic&quot;}\">\n\t\t\t\t\t\t<div class=\"elementor-container elementor-column-gap-narrow\">\n\t\t\t\t\t\t\t<div class=\"elementor-row\">\n\t\t\t\t\t<div class=\"elementor-column elementor-col-100 elementor-inner-column elementor-element elementor-element-92fff1b\" data-id=\"92fff1b\" data-element_type=\"column\">\n\t\t\t<div class=\"elementor-column-wrap elementor-element-populated\">\n\t\t\t\t\t\t\t<div class=\"elementor-widget-wrap\">\n\t\t\t\t\t\t<div class=\"elementor-element elementor-element-e8638f0 elementor-widget elementor-widget-text-editor\" data-id=\"e8638f0\" data-element_type=\"widget\" data-widget_type=\"text-editor.default\">\n\t\t\t\t<div class=\"elementor-widget-container\">\n\t\t\t\t\t\t\t\t<div class=\"elementor-text-editor elementor-clearfix\">\n\t\t\t\t<p><span style=\"font-weight: 400;\">Si su pasi\u00f3n son los viajes de aventura y quieres realizar una verdad expedici\u00f3n por lugares incre\u00edbles, poco transitados, disfrutando uno de los escenarios m\u00e1s interesante de las sierras de c\u00f3rdoba, no lo dudes. Ud. esta por contratar la organizaci\u00f3n con m\u00e1s experiencia y desarrollos realizados y logrados.\u00a0<\/span><\/p><p><span style=\"font-weight: 400;\">Dise\u00f1ado tanto para hombres como para mujeres aventureras con ganas de vivir grandes y especiales momentos. Ser\u00e1s un privilegiado y apasionado despu\u00e9s de esta vivencia.<\/span><\/p><p><span style=\"font-weight: 400;\">Pensaste en recorrer alguna vez los rincones m\u00e1s ocultos y atrevidos, por paisajes realmente v\u00edrgenes con gu\u00edas\u00a0<\/span><b>expertos<\/b><span style=\"font-weight: 400;\">\u00a0y<\/span><b>\u00a0profesionales<\/b><span style=\"font-weight: 400;\">\u00a0de esta actividad y quienes m\u00e1s a\u00f1os y experiencia tienen.!!!<\/span><\/p><p><span style=\"font-weight: 400;\">Nuestros viajes est\u00e1n estudiados y dise\u00f1ados con gran esp\u00edritu aventurero para explorar \u00e1reas impensadas. La fauna silvestre, <\/span><span style=\"font-weight: 400;\">c\u00f3ndores que se precipitan desde la altura en vuelos rasantes, pumas, zorros colorados, r\u00edos colmados de truchas, halcones peregrinos, ranitas de zarzal. Todo compone un escenario de perfecto equilibrio natural en donde el hombre puede sentarse a contemplar la magia de la creaci\u00f3n.<\/span><\/p><p><span style=\"font-weight: 400;\">Gente fascinante y aut\u00e9ntica que vive en remotos lugares que siempre brindan emociones singulares y momentos enriquecedores ser\u00e1n permanentes protagonistas.<\/span><span style=\"font-weight: 400;\">\u00a0<br \/><br \/><\/span><\/p><ul><li style=\"font-weight: 400;\" aria-level=\"1\"><b>Conoce lo oculto de las sierras cordobesas mejor que nadie.<\/b><\/li><li style=\"font-weight: 400;\" aria-level=\"1\"><b>Explora de una manera diferente con gu\u00edas personales preparados.<\/b><\/li><li style=\"font-weight: 400;\" aria-level=\"1\"><b>Veras un horizonte que jam\u00e1s imaginaste.<\/b><\/li><li style=\"font-weight: 400;\" aria-level=\"1\"><b>Visita al museo de la moto (m\u00e1s de 30 reliquias. Alldays de 1903)<\/b><\/li><li style=\"font-weight: 400;\" aria-level=\"1\"><b>Gastronom\u00eda local y destacada en todo el recorrido<\/b><\/li><li style=\"font-weight: 400;\" aria-level=\"1\"><b>Descubr\u00ed el poder de una experiencia diferente<\/b><\/li><li style=\"font-weight: 400;\" aria-level=\"1\"><b>Atenci\u00f3n personalizada<\/b><span style=\"font-weight: 400;\">\u00a0<\/span><b>en todo el recorrido<\/b><\/li><li style=\"font-weight: 400;\" aria-level=\"1\"><b>Gu\u00eda experto con 27 a\u00f1os de experiencia.<\/b><\/li><li style=\"font-weight: 400;\" aria-level=\"1\"><b>Exclusivo para 10 aventureros.\u00a0<\/b><\/li><li style=\"font-weight: 400;\" aria-level=\"1\"><b>7 d\u00edas-450 km<br \/><br \/><br \/><\/b><\/li><\/ul><p><span style=\"font-weight: 400;\">Aut\u00e9nticas experiencias dise\u00f1adas para aquellos aventureros intr\u00e9pidos y extremos que buscan explorar lugares asombrosos y no convencionales, descubrir diferentes culturas y disfrutar de una expedici\u00f3n diferente fuera de lo tradicional.<\/span><\/p><p><span style=\"font-weight: 400;\">Ven y convi\u00e9rtete en un aventurero especial, explorando con los que saben.\u00a0<\/span><span style=\"font-weight: 400;\"><br \/><\/span><span style=\"font-weight: 400;\">22 a\u00f1os de experiencia llevando almas extremas por los horizontes m\u00e1s ocultos.<\/span><\/p><p><span style=\"font-weight: 400;\">Contamos con 10 unidades Can Am L Pro 570 Ok Mod 2019.<\/span><\/p><p><span style=\"font-weight: 400;\">Estacionalidad: Marzo-abril-mayo-septiembre-octubre-noviembre.<\/span><\/p><p><span style=\"font-weight: 400;\">Cont\u00e1ctanos: \u00a0<\/span><a href=\"mailto:info@atvtoursargentina.com.ar\"><b>info@atvtoursargentina.com.ar<\/b><\/a><\/p><p>\u00a0<\/p>\t\t\t\t\t<\/div>\n\t\t\t\t\t\t<\/div>\n\t\t\t\t<\/div>\n\t\t\t\t\t\t<\/div>\n\t\t\t\t\t<\/div>\n\t\t<\/div>\n\t\t\t\t\t\t\t\t<\/div>\n\t\t\t\t\t<\/div>\n\t\t<\/section>\n\t\t\t\t<section class=\"elementor-section elementor-inner-section elementor-element elementor-element-fdd505c elementor-section-content-top elementor-section-boxed elementor-section-height-default elementor-section-height-default\" data-id=\"fdd505c\" data-element_type=\"section\" id=\"margen\" data-settings=\"{&quot;background_background&quot;:&quot;classic&quot;}\">\n\t\t\t\t\t\t<div class=\"elementor-container elementor-column-gap-narrow\">\n\t\t\t\t\t\t\t<div class=\"elementor-row\">\n\t\t\t\t\t<div class=\"elementor-column elementor-col-100 elementor-inner-column elementor-element elementor-element-d5fd84c\" data-id=\"d5fd84c\" data-element_type=\"column\">\n\t\t\t<div class=\"elementor-column-wrap elementor-element-populated\">\n\t\t\t\t\t\t\t<div class=\"elementor-widget-wrap\">\n\t\t\t\t\t\t<div class=\"elementor-element elementor-element-e03da2d elementor-view-default elementor-widget elementor-widget-icon\" data-id=\"e03da2d\" data-element_type=\"widget\" data-widget_type=\"icon.default\">\n\t\t\t\t<div class=\"elementor-widget-container\">\n\t\t\t\t\t<div class=\"elementor-icon-wrapper\">\n\t\t\t<div class=\"elementor-icon\">\n\t\t\t<i aria-hidden=\"true\" class=\"fas fa-street-view\"><\/i>\t\t\t<\/div>\n\t\t<\/div>\n\t\t\t\t<\/div>\n\t\t\t\t<\/div>\n\t\t\t\t<div class=\"elementor-element elementor-element-4c16ed76 elementor-widget elementor-widget-heading\" data-id=\"4c16ed76\" data-element_type=\"widget\" data-widget_type=\"heading.default\">\n\t\t\t\t<div class=\"elementor-widget-container\">\n\t\t\t<h2 class=\"elementor-heading-title elementor-size-default\">Nos adaptamos.<\/h2>\t\t<\/div>\n\t\t\t\t<\/div>\n\t\t\t\t<div class=\"elementor-element elementor-element-385f1b61 elementor-widget elementor-widget-text-editor\" data-id=\"385f1b61\" data-element_type=\"widget\" data-widget_type=\"text-editor.default\">\n\t\t\t\t<div class=\"elementor-widget-container\">\n\t\t\t\t\t\t\t\t<div class=\"elementor-text-editor elementor-clearfix\">\n\t\t\t\t<p>El <strong>ATVTA <\/strong>es un importante colaborador que se destaca y adapta a las necesidades y servicios que quieras sumar e incluir. De esta manera logramos que tu experiencia y los resultados cubran tus m\u00e1s altas expectativas!!!<\/p>\t\t\t\t\t<\/div>\n\t\t\t\t\t\t<\/div>\n\t\t\t\t<\/div>\n\t\t\t\t\t\t<\/div>\n\t\t\t\t\t<\/div>\n\t\t<\/div>\n\t\t\t\t\t\t\t\t<\/div>\n\t\t\t\t\t<\/div>\n\t\t<\/section>\n\t\t\t\t\t\t<\/div>\n\t\t\t\t\t<\/div>\n\t\t<\/div>\n\t\t\t\t\t\t\t\t<\/div>\n\t\t\t\t\t<\/div>\n\t\t<\/section>\n\t\t\t\t\t\t\t\t\t<\/div>\n\t\t\t<\/div>\n\t\t\t\t\t<\/div>\n\t\t","protected":false},"excerpt":{"rendered":"<p>TOURS INTERNACIONALES Si su pasi\u00f3n son los viajes de aventura y quieres realizar una verdad expedici\u00f3n por lugares incre\u00edbles, poco transitados, disfrutando uno de los escenarios m\u00e1s interesante de las sierras de c\u00f3rdoba, no lo dudes. Ud. esta por contratar la organizaci\u00f3n con m\u00e1s experiencia y desarrollos realizados y logrados.\u00a0 Dise\u00f1ado tanto para hombres como para mujeres aventureras con ganas &hellip;<\/p>\n","protected":false},"author":1,"featured_media":0,"parent":0,"menu_order":0,"comment_status":"closed","ping_status":"closed","template":"blank-builder.php","meta":{"footnotes":""},"_links":{"self":[{"href":"https:\/\/www.atvtoursargentina.com.ar\/index.php\/wp-json\/wp\/v2\/pages\/2822"}],"collection":[{"href":"https:\/\/www.atvtoursargentina.com.ar\/index.php\/wp-json\/wp\/v2\/pages"}],"about":[{"href":"https:\/\/www.atvtoursargentina.com.ar\/index.php\/wp-json\/wp\/v2\/types\/page"}],"author":[{"embeddable":true,"href":"https:\/\/www.atvtoursargentina.com.ar\/index.php\/wp-json\/wp\/v2\/users\/1"}],"replies":[{"embeddable":true,"href":"https:\/\/www.atvtoursargentina.com.ar\/index.php\/wp-json\/wp\/v2\/comments?post=2822"}],"version-history":[{"count":34,"href":"https:\/\/www.atvtoursargentina.com.ar\/index.php\/wp-json\/wp\/v2\/pages\/2822\/revisions"}],"predecessor-version":[{"id":3095,"href":"https:\/\/www.atvtoursargentina.com.ar\/index.php\/wp-json\/wp\/v2\/pages\/2822\/revisions\/3095"}],"wp:attachment":[{"href":"https:\/\/www.atvtoursargentina.com.ar\/index.php\/wp-json\/wp\/v2\/media?parent=2822"}],"curies":[{"name":"wp","href":"https:\/\/api.w.org\/{rel}","templated":true}]}}