{"id":1909,"date":"2020-04-07T11:09:45","date_gmt":"2020-04-07T11:09:45","guid":{"rendered":"http:\/\/www.atvtoursargentina.com.ar\/index.php\/atvta-corporativo-copy\/"},"modified":"2022-10-21T13:50:27","modified_gmt":"2022-10-21T13:50:27","slug":"atvta-eco","status":"publish","type":"page","link":"https:\/\/www.atvtoursargentina.com.ar\/index.php\/atvta-eco\/","title":{"rendered":"ATVTA ECO"},"content":{"rendered":"\t\t<div data-elementor-type=\"wp-post\" data-elementor-id=\"1909\" class=\"elementor elementor-1909\">\n\t\t\t\t\t\t<div class=\"elementor-inner\">\n\t\t\t\t<div class=\"elementor-section-wrap\">\n\t\t\t\t\t\t\t\t\t<section class=\"elementor-section elementor-top-section elementor-element elementor-element-9e4940d elementor-section-stretched elementor-section-full_width elementor-section-height-default elementor-section-height-default\" data-id=\"9e4940d\" data-element_type=\"section\" data-settings=\"{&quot;background_background&quot;:&quot;classic&quot;,&quot;stretch_section&quot;:&quot;section-stretched&quot;}\">\n\t\t\t\t\t\t\t<div class=\"elementor-background-overlay\"><\/div>\n\t\t\t\t\t\t\t<div class=\"elementor-container elementor-column-gap-no\">\n\t\t\t\t\t\t\t<div class=\"elementor-row\">\n\t\t\t\t\t<div class=\"elementor-column elementor-col-100 elementor-top-column elementor-element elementor-element-7ebb6e1\" data-id=\"7ebb6e1\" data-element_type=\"column\" data-settings=\"{&quot;background_background&quot;:&quot;classic&quot;}\">\n\t\t\t<div class=\"elementor-column-wrap elementor-element-populated\">\n\t\t\t\t\t\t\t<div class=\"elementor-widget-wrap\">\n\t\t\t\t\t\t<section class=\"elementor-section elementor-inner-section elementor-element elementor-element-aca26b8 elementor-section-height-min-height elementor-section-content-middle elementor-section-full_width elementor-section-height-default\" data-id=\"aca26b8\" data-element_type=\"section\" data-settings=\"{&quot;background_background&quot;:&quot;classic&quot;}\">\n\t\t\t\t\t\t\t<div class=\"elementor-background-overlay\"><\/div>\n\t\t\t\t\t\t\t<div class=\"elementor-container elementor-column-gap-default\">\n\t\t\t\t\t\t\t<div class=\"elementor-row\">\n\t\t\t\t\t<div class=\"elementor-column elementor-col-100 elementor-inner-column elementor-element elementor-element-03b7ecf\" data-id=\"03b7ecf\" data-element_type=\"column\" data-settings=\"{&quot;background_background&quot;:&quot;classic&quot;}\">\n\t\t\t<div class=\"elementor-column-wrap elementor-element-populated\">\n\t\t\t\t\t\t\t<div class=\"elementor-widget-wrap\">\n\t\t\t\t\t\t<div class=\"elementor-element elementor-element-bdcf61a elementor-invisible elementor-widget elementor-widget-cimol-title\" data-id=\"bdcf61a\" data-element_type=\"widget\" data-settings=\"{&quot;_animation&quot;:&quot;fadeInDown&quot;}\" data-widget_type=\"cimol-title.default\">\n\t\t\t\t<div class=\"elementor-widget-container\">\n\t\t\t<h2 class=\"content-title\">ATVTA ECO<\/h2>\t\t<\/div>\n\t\t\t\t<\/div>\n\t\t\t\t\t\t<\/div>\n\t\t\t\t\t<\/div>\n\t\t<\/div>\n\t\t\t\t\t\t\t\t<\/div>\n\t\t\t\t\t<\/div>\n\t\t<\/section>\n\t\t\t\t<section class=\"elementor-section elementor-inner-section elementor-element elementor-element-6799543 elementor-section-content-top elementor-section-boxed elementor-section-height-default elementor-section-height-default\" data-id=\"6799543\" data-element_type=\"section\" id=\"margen\" data-settings=\"{&quot;background_background&quot;:&quot;classic&quot;}\">\n\t\t\t\t\t\t<div class=\"elementor-container elementor-column-gap-narrow\">\n\t\t\t\t\t\t\t<div class=\"elementor-row\">\n\t\t\t\t\t<div class=\"elementor-column elementor-col-100 elementor-inner-column elementor-element elementor-element-1ff704f\" data-id=\"1ff704f\" data-element_type=\"column\">\n\t\t\t<div class=\"elementor-column-wrap elementor-element-populated\">\n\t\t\t\t\t\t\t<div class=\"elementor-widget-wrap\">\n\t\t\t\t\t\t<div class=\"elementor-element elementor-element-f4bbb7f elementor-widget elementor-widget-text-editor\" data-id=\"f4bbb7f\" data-element_type=\"widget\" data-widget_type=\"text-editor.default\">\n\t\t\t\t<div class=\"elementor-widget-container\">\n\t\t\t\t\t\t\t\t<div class=\"elementor-text-editor elementor-clearfix\">\n\t\t\t\t<p><span style=\"font-weight: 400;\">Como parte integrante\u00a0 de la sociedad y teniendo en cuenta el progresivo deterioro del medio ambiente, hemos considerado y tenido en cuenta detalles en beneficio del mismo. Somos una empresa en la busca continua de mejoras con la clara convicci\u00f3n de contribuir a la preservaci\u00f3n y cuidado ambiental.<\/span><\/p><p><span style=\"font-weight: 400;\"> Nos esforzamos de manera continua para reducir, evitar o suprimir el impacto ambiental, como as\u00ed tambi\u00e9n influimos sobre quienes nos eligen, personal y proveedores transmiti\u00e9ndoles y priorizando nuestro compromiso por el respeto y el cuidado m\u00e1ximo del medio ambiente.<\/span><\/p><p><span style=\"font-weight: 400;\">Somos respetuosos y comprometidos con la comunidad que tendemos a lograr un uso racional de los recursos utilizados y asumimos responsabilidades ambientales para garantizar nuestro desempe\u00f1o.<\/span><\/p>\t\t\t\t\t<\/div>\n\t\t\t\t\t\t<\/div>\n\t\t\t\t<\/div>\n\t\t\t\t\t\t<\/div>\n\t\t\t\t\t<\/div>\n\t\t<\/div>\n\t\t\t\t\t\t\t\t<\/div>\n\t\t\t\t\t<\/div>\n\t\t<\/section>\n\t\t\t\t<section class=\"elementor-section elementor-inner-section elementor-element elementor-element-c1d3588 elementor-section-content-top elementor-section-boxed elementor-section-height-default elementor-section-height-default\" data-id=\"c1d3588\" data-element_type=\"section\" data-settings=\"{&quot;background_background&quot;:&quot;classic&quot;}\">\n\t\t\t\t\t\t<div class=\"elementor-container elementor-column-gap-narrow\">\n\t\t\t\t\t\t\t<div class=\"elementor-row\">\n\t\t\t\t\t<div class=\"elementor-column elementor-col-100 elementor-inner-column elementor-element elementor-element-06d28c9\" data-id=\"06d28c9\" data-element_type=\"column\">\n\t\t\t<div class=\"elementor-column-wrap elementor-element-populated\">\n\t\t\t\t\t\t\t<div class=\"elementor-widget-wrap\">\n\t\t\t\t\t\t<div class=\"elementor-element elementor-element-0324a18 elementor-widget elementor-widget-text-editor\" data-id=\"0324a18\" data-element_type=\"widget\" data-widget_type=\"text-editor.default\">\n\t\t\t\t<div class=\"elementor-widget-container\">\n\t\t\t\t\t\t\t\t<div class=\"elementor-text-editor elementor-clearfix\">\n\t\t\t\t<p><b>Infraestructura:<\/b><\/p>\n<p><span style=\"font-weight: 400;\">El dise\u00f1o constructivo se pens\u00f3 en el uso de materiales nobles, incluso algunos de la zona, como as\u00ed tambi\u00e9n el uso de nuevos ladrillos ecol\u00f3gicos. No solo tiene que ver su fabricaci\u00f3n sino tambi\u00e9n todas las cualidades que el mismo logra t\u00e9cnicamente a nivel aislaci\u00f3n. De esta menare se logra una disminuci\u00f3n importante en el consumo el\u00e9ctrico y de gas.&nbsp;<\/span><\/p>\n<p><b><br>La calefacci\u00f3n hidronica.<\/b><\/p>\n<p><span style=\"font-weight: 400;\">Los proyectos para obtener un ambiente c\u00e1lido tienden a ser m\u00e1s vers\u00e1tiles en la actualidad, con sistemas de calefacci\u00f3n que deben poseer una alta eficiencia en el uso y ahorro de la energ\u00eda,<\/span><b>&nbsp;pero tambi\u00e9n tienen que ser muy seguros y confortables en todo momento, desde su instalaci\u00f3n, operaci\u00f3n y hasta en los mantenimientos.<\/b><\/p>\n<p><span style=\"font-weight: 400;\">Los sistemas de calefacci\u00f3n con agua por medio de radiadores, emplean el agua de las tuber\u00edas de la instalaci\u00f3n en cuesti\u00f3n; dicha agua caliente proviene directamente de calderas de combusti\u00f3n a gas dise\u00f1adas especialmente para sistemas hidr\u00f3nicos.&nbsp;<\/span><\/p>\n<p><span style=\"font-weight: 400;\">Se eligieron equipos modernos y espec\u00edficos de alta tecnolog\u00eda y seguridad para dicho sistema, incluso compens\u00e1ndolos con bombas para tener agua caliente rotando en el sistema y no desperdiciar la misma.&nbsp;<\/span><\/p>\n<p><span style=\"font-weight: 400;\">Los mismos son muy seguros, minimizando considerablemente el riesgo, que signifique un peligro para los habitantes y visitantes.&nbsp;<\/span><\/p>\n<p><b><br>Agua-Plantas acu\u00e1ticas<\/b><\/p>\n<p><span style=\"font-weight: 400;\">Contamos con un tanque australiano y&nbsp; plantas acu\u00e1ticas que generan un microclima. Las mismas plantas y los peces hacen posible que el agua sea transparente y podamos utilizarla en varios y diferentes sectores.&nbsp;<\/span><\/p>\n<p><span style=\"font-weight: 400;\">Le damos valor&nbsp; y tenemos en cuenta la misi\u00f3n verdadera que tienen de mejorar la calidad del agua y mantenerla en perfectas condiciones.<\/span><\/p>\n<p><b><br>Cuidado especifico del medio ambiente<\/b><\/p>\n<p><span style=\"font-weight: 400;\">Usamos tanques y equipos especiales para el almacenamiento de combustible y&nbsp; evacuaci\u00f3n de fluidos derivados del petr\u00f3leo, con normas de seguridad industriales mundiales.&nbsp;<br><\/span>Todos los productos que utilizamos cumplen con normativas bio ambientales. Retiramos todos los residuos l\u00edquidos peligrosos, restos y derivados traslad\u00e1ndolos a los lugares y dep\u00f3sitos correspondientes para tal fin.&nbsp;<\/p>\n<p><b><br>Tratamiento y gesti\u00f3n de los residuos<\/b><\/p>\n<p><span style=\"font-weight: 400;\">Todos los residuos org\u00e1nicos son alojados en una compostera.<br>La pinocha como as\u00ed tambi\u00e9n la poda son tratadas para disminuir los riesgos de incendios forestales.<br>Con el compost generado logramos reducir basura, bajar el impacto y regresarlo a la tierra en forma de abono.&nbsp; &nbsp; &nbsp; &nbsp; &nbsp; &nbsp; &nbsp; &nbsp; &nbsp; &nbsp; &nbsp; &nbsp; &nbsp; &nbsp; &nbsp; &nbsp; &nbsp; &nbsp; &nbsp; &nbsp; &nbsp; &nbsp; &nbsp; &nbsp; &nbsp; &nbsp; &nbsp; &nbsp; &nbsp; &nbsp; &nbsp; &nbsp; &nbsp; &nbsp; &nbsp; &nbsp; &nbsp; &nbsp; &nbsp; &nbsp; &nbsp; &nbsp; &nbsp; &nbsp; &nbsp; &nbsp; &nbsp; &nbsp; &nbsp; &nbsp; &nbsp; &nbsp; &nbsp; &nbsp; &nbsp; &nbsp; El mismo es utilizado para el parque de nuestras instalaciones.<br><\/span>Otra tarea que realizamos es la separaci\u00f3n de las botellas de pl\u00e1stico. Introducimos todos los desechos inorg\u00e1nicos logrando realizar los conocidos ladrillos. Estos, junto a los envases de vidrio sin retorno y las latas de aluminio son trasladados a un centro de acopio para ser reciclados y reutilizados.<br>Con todo este trabajo, asumimos la responsabilidad ambiental de disminuir&nbsp; la cantidad de basura y contribuir con el medio ambiente y generaciones venideras para un mundo m\u00e1s limpio, menos contaminado y m\u00e1s verde.<\/p>\n<p><b><br>Tratamiento de Aguas grises\/negras<\/b><\/p>\n<p><span style=\"font-weight: 400;\">Todos somos ambientalmente responsables. Responsable del cuidado del medio ambiente en cada detalle que podamos aportar. Por esa raz\u00f3n el ATVTA utiliza bio digestores homologados para el tratamiento de las aguas servidas.<\/span><\/p>\n<p><b><br>Transmisiones y neum\u00e1ticos de los ATVs<\/b><\/p>\n<p><span style=\"font-weight: 400;\">Nuestros veh\u00edculos de primera marca global cumplen con todos los requisitos y normativas medioambientales de construcci\u00f3n y de funcionamiento a nivel mundial.&nbsp; Sus cuatro neum\u00e1ticos de baja presi\u00f3n y alta flotaci\u00f3n, por definici\u00f3n, llantas de bajo impacto, est\u00e1n dise\u00f1ados para reducir los efectos adversos en el terreno mediante la distribuci\u00f3n de presi\u00f3n sobre un \u00e1rea m\u00e1s amplia.&nbsp;La transmisi\u00f3n sin embrague logra un comportamiento de conducci\u00f3n que no da\u00f1a la tierra, protegiendo y preserv\u00e1ndola. Somos responsables y hacemos un control estricto del movimiento de cada una de nuestras unidades.<\/span><\/p>\n<p><\/p>\t\t\t\t\t<\/div>\n\t\t\t\t\t\t<\/div>\n\t\t\t\t<\/div>\n\t\t\t\t\t\t<\/div>\n\t\t\t\t\t<\/div>\n\t\t<\/div>\n\t\t\t\t\t\t\t\t<\/div>\n\t\t\t\t\t<\/div>\n\t\t<\/section>\n\t\t\t\t<section class=\"elementor-section elementor-inner-section elementor-element elementor-element-b0e556c elementor-section-boxed elementor-section-height-default elementor-section-height-default\" data-id=\"b0e556c\" data-element_type=\"section\">\n\t\t\t\t\t\t\t<div class=\"elementor-background-overlay\"><\/div>\n\t\t\t\t\t\t\t<div class=\"elementor-container elementor-column-gap-default\">\n\t\t\t\t\t\t\t<div class=\"elementor-row\">\n\t\t\t\t\t<div class=\"elementor-column elementor-col-100 elementor-inner-column elementor-element elementor-element-c7af59d\" data-id=\"c7af59d\" data-element_type=\"column\">\n\t\t\t<div class=\"elementor-column-wrap elementor-element-populated\">\n\t\t\t\t\t\t\t<div class=\"elementor-widget-wrap\">\n\t\t\t\t\t\t<div class=\"elementor-element elementor-element-e3d5624 elementor-view-default elementor-widget elementor-widget-icon\" data-id=\"e3d5624\" data-element_type=\"widget\" data-widget_type=\"icon.default\">\n\t\t\t\t<div class=\"elementor-widget-container\">\n\t\t\t\t\t<div class=\"elementor-icon-wrapper\">\n\t\t\t<div class=\"elementor-icon\">\n\t\t\t<i aria-hidden=\"true\" class=\"fas fa-leaf\"><\/i>\t\t\t<\/div>\n\t\t<\/div>\n\t\t\t\t<\/div>\n\t\t\t\t<\/div>\n\t\t\t\t<div class=\"elementor-element elementor-element-1696206 elementor-widget elementor-widget-text-editor\" data-id=\"1696206\" data-element_type=\"widget\" data-widget_type=\"text-editor.default\">\n\t\t\t\t<div class=\"elementor-widget-container\">\n\t\t\t\t\t\t\t\t<div class=\"elementor-text-editor elementor-clearfix\">\n\t\t\t\t<p>No solo nos ocupamos de la aventura y diversi\u00f3n, asumimos un gran compromiso de sustentabilidad, sostenibilidad y preservaci\u00f3n del medio ambiente.<br \/>Inspiramos a las personas a ser mejores y respetuosas con el medio ambiente generando cambios positivos en la utilizaci\u00f3n de este tipo de veh\u00edculos.<\/p>\t\t\t\t\t<\/div>\n\t\t\t\t\t\t<\/div>\n\t\t\t\t<\/div>\n\t\t\t\t\t\t<\/div>\n\t\t\t\t\t<\/div>\n\t\t<\/div>\n\t\t\t\t\t\t\t\t<\/div>\n\t\t\t\t\t<\/div>\n\t\t<\/section>\n\t\t\t\t<section class=\"elementor-section elementor-inner-section elementor-element elementor-element-505b53b elementor-hidden-desktop elementor-hidden-tablet elementor-hidden-phone elementor-section-boxed elementor-section-height-default elementor-section-height-default\" data-id=\"505b53b\" data-element_type=\"section\">\n\t\t\t\t\t\t\t<div class=\"elementor-background-overlay\"><\/div>\n\t\t\t\t\t\t\t<div class=\"elementor-container elementor-column-gap-default\">\n\t\t\t\t\t\t\t<div class=\"elementor-row\">\n\t\t\t\t\t<div class=\"elementor-column elementor-col-100 elementor-inner-column elementor-element elementor-element-9ab13d3\" data-id=\"9ab13d3\" data-element_type=\"column\">\n\t\t\t<div class=\"elementor-column-wrap elementor-element-populated\">\n\t\t\t\t\t\t\t<div class=\"elementor-widget-wrap\">\n\t\t\t\t\t\t<div class=\"elementor-element elementor-element-4fdde11a elementor-widget-divider--view-line elementor-widget elementor-widget-divider\" data-id=\"4fdde11a\" data-element_type=\"widget\" data-widget_type=\"divider.default\">\n\t\t\t\t<div class=\"elementor-widget-container\">\n\t\t\t\t\t<div class=\"elementor-divider\">\n\t\t\t<span class=\"elementor-divider-separator\">\n\t\t\t\t\t\t<\/span>\n\t\t<\/div>\n\t\t\t\t<\/div>\n\t\t\t\t<\/div>\n\t\t\t\t<div class=\"elementor-element elementor-element-1aa96e4d elementor-widget elementor-widget-cimol-testimonial\" data-id=\"1aa96e4d\" data-element_type=\"widget\" data-widget_type=\"cimol-testimonial.default\">\n\t\t\t\t<div class=\"elementor-widget-container\">\n\t\t\t\t\t\r\n\t\t\r\n            <div class=\"testi-slider testimonial\">\r\n                                <div>\r\n                    <p class=\"testi-text\">\r\n                   \t\"La exploraci\u00f3n est\u00e1 conectada a nuestros cerebros. Si podemos ver el horizonte, queremos saber lo que est\u00e1 m\u00e1s all\u00e1. \"                    <\/p>\r\n                    <i class=\"fa fa-quote-left\"><\/i>\r\n                    <h3>-Buzz Aldrin<\/h3>\r\n                    <p class=\"testi-from\">Fue la segunda persona en pisar la Luna en la legendaria misi\u00f3n del Apolo 11 Ing. de la NASA<\/p>\r\n                <\/div>\r\n                \r\n                            <\/div><!--\/.testimonial-->\r\n\t\r\n\t\t\r\n\t\t\t<\/div>\n\t\t\t\t<\/div>\n\t\t\t\t<div class=\"elementor-element elementor-element-79c8614b elementor-widget-divider--view-line elementor-widget elementor-widget-divider\" data-id=\"79c8614b\" data-element_type=\"widget\" data-widget_type=\"divider.default\">\n\t\t\t\t<div class=\"elementor-widget-container\">\n\t\t\t\t\t<div class=\"elementor-divider\">\n\t\t\t<span class=\"elementor-divider-separator\">\n\t\t\t\t\t\t<\/span>\n\t\t<\/div>\n\t\t\t\t<\/div>\n\t\t\t\t<\/div>\n\t\t\t\t\t\t<\/div>\n\t\t\t\t\t<\/div>\n\t\t<\/div>\n\t\t\t\t\t\t\t\t<\/div>\n\t\t\t\t\t<\/div>\n\t\t<\/section>\n\t\t\t\t\t\t<\/div>\n\t\t\t\t\t<\/div>\n\t\t<\/div>\n\t\t\t\t\t\t\t\t<\/div>\n\t\t\t\t\t<\/div>\n\t\t<\/section>\n\t\t\t\t\t\t\t\t\t<\/div>\n\t\t\t<\/div>\n\t\t\t\t\t<\/div>\n\t\t","protected":false},"excerpt":{"rendered":"<p>ATVTA ECO Como parte integrante\u00a0 de la sociedad y teniendo en cuenta el progresivo deterioro del medio ambiente, hemos considerado y tenido en cuenta detalles en beneficio del mismo. Somos una empresa en la busca continua de mejoras con la clara convicci\u00f3n de contribuir a la preservaci\u00f3n y cuidado ambiental. Nos esforzamos de manera continua para reducir, evitar o suprimir &hellip;<\/p>\n","protected":false},"author":1,"featured_media":0,"parent":0,"menu_order":0,"comment_status":"closed","ping_status":"closed","template":"blank-builder.php","meta":{"footnotes":""},"_links":{"self":[{"href":"https:\/\/www.atvtoursargentina.com.ar\/index.php\/wp-json\/wp\/v2\/pages\/1909"}],"collection":[{"href":"https:\/\/www.atvtoursargentina.com.ar\/index.php\/wp-json\/wp\/v2\/pages"}],"about":[{"href":"https:\/\/www.atvtoursargentina.com.ar\/index.php\/wp-json\/wp\/v2\/types\/page"}],"author":[{"embeddable":true,"href":"https:\/\/www.atvtoursargentina.com.ar\/index.php\/wp-json\/wp\/v2\/users\/1"}],"replies":[{"embeddable":true,"href":"https:\/\/www.atvtoursargentina.com.ar\/index.php\/wp-json\/wp\/v2\/comments?post=1909"}],"version-history":[{"count":30,"href":"https:\/\/www.atvtoursargentina.com.ar\/index.php\/wp-json\/wp\/v2\/pages\/1909\/revisions"}],"predecessor-version":[{"id":3017,"href":"https:\/\/www.atvtoursargentina.com.ar\/index.php\/wp-json\/wp\/v2\/pages\/1909\/revisions\/3017"}],"wp:attachment":[{"href":"https:\/\/www.atvtoursargentina.com.ar\/index.php\/wp-json\/wp\/v2\/media?parent=1909"}],"curies":[{"name":"wp","href":"https:\/\/api.w.org\/{rel}","templated":true}]}}